{"id":2674,"date":"2023-08-01T17:14:51","date_gmt":"2023-08-01T20:14:51","guid":{"rendered":"https:\/\/vitrinebrasil.com.br\/cerealista\/?post_type=product&#038;p=2674"},"modified":"2023-08-01T17:14:52","modified_gmt":"2023-08-01T20:14:52","slug":"agua-desmineralizada","status":"publish","type":"product","link":"https:\/\/vitrinebrasil.com.br\/cerealista\/produto\/agua-desmineralizada\/","title":{"rendered":"\u00c1gua Desmineralizada"},"content":{"rendered":"<table class=\"table-descricao\" border=\"0\" cellspacing=\"0\" cellpadding=\"0\">\n<tbody>\n<tr>\n<td class=\"index\"><strong>\u00c1gua Desmineralizada &#8211; KN<\/p>\n<p>\u00c1gua especial isenta de qualquer dos seus minerais e \u00edons naturais. \u00c9 produzida por meio de um processo rigoroso de purifica\u00e7\u00e3o, resultando em uma \u00e1gua desmineralizada com alto grau de pureza e condutividade el\u00e9trica inferior a 5 uS.<\/p>\n<p>\u00c9 indicada para diversas aplica\u00e7\u00f5es como em baterias automotivas e em sistema de arrefecimento automotivo, formando a solu\u00e7\u00e3o arrefecedora.<\/p>\n<p>Instru\u00e7\u00f5es de Uso<br \/>\n&#8211; Em sistemas de arrefecimento (radiadores), deve ser misturado com os aditivos nas propor\u00e7\u00f5es recomendadas.<br \/>\n&#8211; Em baterias automotivas, usar diretamente no reservat\u00f3rio do equipamento.<\/p>\n<p>Conte\u00fado da embalagem: 5 Litros<\/strong><\/td>\n<\/tr>\n<\/tbody>\n<\/table>\n","protected":false},"excerpt":{"rendered":"<p>\u00c1gua Desmineralizada &#8211; KN \u00c1gua especial isenta de qualquer dos seus minerais e \u00edons naturais. \u00c9 produzida por meio de um processo rigoroso de purifica\u00e7\u00e3o, resultando em uma \u00e1gua desmineralizada com alto grau de pureza e condutividade el\u00e9trica inferior a 5 uS. \u00c9 indicada para diversas aplica\u00e7\u00f5es como em baterias automotivas e em sistema de<\/p>\n<div class=\"klb-readmore entry-button\"><a class=\"btn read-more\" href=\"https:\/\/vitrinebrasil.com.br\/cerealista\/produto\/agua-desmineralizada\/\">Read More<\/a><\/div>\n","protected":false},"featured_media":2680,"comment_status":"open","ping_status":"closed","template":"","meta":[],"product_cat":[132],"product_tag":[],"class_list":["post-2674","product","type-product","status-publish","has-post-thumbnail","hentry","product_cat-fluidos"],"_links":{"self":[{"href":"https:\/\/vitrinebrasil.com.br\/cerealista\/wp-json\/wp\/v2\/product\/2674","targetHints":{"allow":["GET"]}}],"collection":[{"href":"https:\/\/vitrinebrasil.com.br\/cerealista\/wp-json\/wp\/v2\/product"}],"about":[{"href":"https:\/\/vitrinebrasil.com.br\/cerealista\/wp-json\/wp\/v2\/types\/product"}],"replies":[{"embeddable":true,"href":"https:\/\/vitrinebrasil.com.br\/cerealista\/wp-json\/wp\/v2\/comments?post=2674"}],"wp:featuredmedia":[{"embeddable":true,"href":"https:\/\/vitrinebrasil.com.br\/cerealista\/wp-json\/wp\/v2\/media\/2680"}],"wp:attachment":[{"href":"https:\/\/vitrinebrasil.com.br\/cerealista\/wp-json\/wp\/v2\/media?parent=2674"}],"wp:term":[{"taxonomy":"product_cat","embeddable":true,"href":"https:\/\/vitrinebrasil.com.br\/cerealista\/wp-json\/wp\/v2\/product_cat?post=2674"},{"taxonomy":"product_tag","embeddable":true,"href":"https:\/\/vitrinebrasil.com.br\/cerealista\/wp-json\/wp\/v2\/product_tag?post=2674"}],"curies":[{"name":"wp","href":"https:\/\/api.w.org\/{rel}","templated":true}]}}