{"id":2723,"date":"2023-08-02T14:35:16","date_gmt":"2023-08-02T17:35:16","guid":{"rendered":"https:\/\/vitrinebrasil.com.br\/cerealista\/?post_type=product&#038;p=2723"},"modified":"2023-08-02T17:17:57","modified_gmt":"2023-08-02T20:17:57","slug":"rolamento-rolos-eixo-dianteiro-trator-valtra","status":"publish","type":"product","link":"https:\/\/vitrinebrasil.com.br\/cerealista\/produto\/rolamento-rolos-eixo-dianteiro-trator-valtra\/","title":{"rendered":"Rolamento Rolos Eixo Dianteiro Trator Valtra"},"content":{"rendered":"<p>O Rolamento Rolos C\u00f4nicos Eixo Dianteiro Trator Valtra 814730 KFB \u00e9 de uso indispens\u00e1vel no eixo dianteiro do seu trator. Ele gerencia cargas radiais e axiais nas condi\u00e7\u00f5es mais implac\u00e1veis. Possui diversos recursos que ser\u00e3o de fundamental import\u00e2ncia no eixo dianteiro do seu trator, entre eles a geometria interna totalmente projetada e otimizada para atender esse sistema, a alta qualidade na fabrica\u00e7\u00e3o, al\u00e9m de ser consistente, confi\u00e1vel e flex\u00edvel.Dentre os v\u00e1rios benef\u00edcios de se utilizar rolamentos em sua m\u00e1quina est\u00e3o o menor atrito e aquecimento, a baixa exig\u00eancia de lubrifica\u00e7\u00e3o, a pouca varia\u00e7\u00e3o do coeficiente de atrito com carga e velocidade, eles n\u00e3o ocasionam o desgaste do eixo, entre outros. Esse rolamento conta com a qualidade KFB, empresa alem\u00e3 com caracter\u00edsticas origin\u00e1rias da cidade de Hamburgo. Devido aos tempos atuais, caracterizados pelas inova\u00e7\u00f5es tecnol\u00f3gicas, a KFB busca entregar os resultados desejados pelos clientes com precis\u00e3o e qualidade. O produto \u00e9 compat\u00edvel com diversos modelos de tratores Valtra. Consulte no campo Aplica\u00e7\u00f5es se a sua m\u00e1quina est\u00e1 entre as compat\u00edveis.<\/p>\n","protected":false},"excerpt":{"rendered":"<p>O Rolamento Rolos C\u00f4nicos Eixo Dianteiro Trator Valtra 814730 KFB \u00e9 de uso indispens\u00e1vel no eixo dianteiro do seu trator. Ele gerencia cargas radiais e axiais nas condi\u00e7\u00f5es mais implac\u00e1veis. Possui diversos recursos que ser\u00e3o de fundamental import\u00e2ncia no eixo dianteiro do seu trator, entre eles a geometria interna totalmente projetada e otimizada para atender<\/p>\n<div class=\"klb-readmore entry-button\"><a class=\"btn read-more\" href=\"https:\/\/vitrinebrasil.com.br\/cerealista\/produto\/rolamento-rolos-eixo-dianteiro-trator-valtra\/\">Read More<\/a><\/div>\n","protected":false},"featured_media":2724,"comment_status":"open","ping_status":"closed","template":"","meta":[],"product_cat":[138],"product_tag":[],"class_list":["post-2723","product","type-product","status-publish","has-post-thumbnail","hentry","product_cat-valtra"],"_links":{"self":[{"href":"https:\/\/vitrinebrasil.com.br\/cerealista\/wp-json\/wp\/v2\/product\/2723","targetHints":{"allow":["GET"]}}],"collection":[{"href":"https:\/\/vitrinebrasil.com.br\/cerealista\/wp-json\/wp\/v2\/product"}],"about":[{"href":"https:\/\/vitrinebrasil.com.br\/cerealista\/wp-json\/wp\/v2\/types\/product"}],"replies":[{"embeddable":true,"href":"https:\/\/vitrinebrasil.com.br\/cerealista\/wp-json\/wp\/v2\/comments?post=2723"}],"wp:featuredmedia":[{"embeddable":true,"href":"https:\/\/vitrinebrasil.com.br\/cerealista\/wp-json\/wp\/v2\/media\/2724"}],"wp:attachment":[{"href":"https:\/\/vitrinebrasil.com.br\/cerealista\/wp-json\/wp\/v2\/media?parent=2723"}],"wp:term":[{"taxonomy":"product_cat","embeddable":true,"href":"https:\/\/vitrinebrasil.com.br\/cerealista\/wp-json\/wp\/v2\/product_cat?post=2723"},{"taxonomy":"product_tag","embeddable":true,"href":"https:\/\/vitrinebrasil.com.br\/cerealista\/wp-json\/wp\/v2\/product_tag?post=2723"}],"curies":[{"name":"wp","href":"https:\/\/api.w.org\/{rel}","templated":true}]}}