{"id":2741,"date":"2023-08-02T15:29:06","date_gmt":"2023-08-02T18:29:06","guid":{"rendered":"https:\/\/vitrinebrasil.com.br\/cerealista\/?post_type=product&#038;p=2741"},"modified":"2023-08-02T15:29:06","modified_gmt":"2023-08-02T18:29:06","slug":"cilindro-pneumatico-colheitadeira-new-holland","status":"publish","type":"product","link":"https:\/\/vitrinebrasil.com.br\/cerealista\/produto\/cilindro-pneumatico-colheitadeira-new-holland\/","title":{"rendered":"Cilindro Pneum\u00e1tico Colheitadeira New Holland"},"content":{"rendered":"<p>Cilindro Pneum\u00e1tico Colheitadeira New Holland 823579 Carmax ou atuador pneum\u00e1tico linear \u00e9 o respons\u00e1vel pela movimenta\u00e7\u00e3o das partes m\u00f3veis nos processos de automatiza\u00e7\u00e3o e\/ou automa\u00e7\u00e3o, e pela aplica\u00e7\u00e3o de for\u00e7a. \u00c9 um dispositivo que converte a energia pneum\u00e1tica entrante em energia cin\u00e9tica, ou seja, em movimento mec\u00e2nico. A utiliza\u00e7\u00e3o da pe\u00e7a agr\u00edcola correta tamb\u00e9m faz com que sejam evitados gastos com manuten\u00e7\u00f5es, possibilitando uma economia maior, afinal, os retentores custam menos que os reparos. Por conta disso, \u00e9 importante manter sempre os equipamentos em um bom estado e substitu\u00ed-los a partir do momento que n\u00e3o conseguem mais realizar suas fun\u00e7\u00f5es de forma eficiente. Isso pode ser percebido, geralmente, atrav\u00e9s de ru\u00eddos e maiores vibra\u00e7\u00f5es.<\/p>\n","protected":false},"excerpt":{"rendered":"<p>Cilindro Pneum\u00e1tico Colheitadeira New Holland 823579 Carmax ou atuador pneum\u00e1tico linear \u00e9 o respons\u00e1vel pela movimenta\u00e7\u00e3o das partes m\u00f3veis nos processos de automatiza\u00e7\u00e3o e\/ou automa\u00e7\u00e3o, e pela aplica\u00e7\u00e3o de for\u00e7a. \u00c9 um dispositivo que converte a energia pneum\u00e1tica entrante em energia cin\u00e9tica, ou seja, em movimento mec\u00e2nico. A utiliza\u00e7\u00e3o da pe\u00e7a agr\u00edcola correta tamb\u00e9m faz<\/p>\n<div class=\"klb-readmore entry-button\"><a class=\"btn read-more\" href=\"https:\/\/vitrinebrasil.com.br\/cerealista\/produto\/cilindro-pneumatico-colheitadeira-new-holland\/\">Read More<\/a><\/div>\n","protected":false},"featured_media":2742,"comment_status":"open","ping_status":"closed","template":"","meta":[],"product_cat":[137],"product_tag":[],"class_list":["post-2741","product","type-product","status-publish","has-post-thumbnail","hentry","product_cat-new-holland"],"_links":{"self":[{"href":"https:\/\/vitrinebrasil.com.br\/cerealista\/wp-json\/wp\/v2\/product\/2741","targetHints":{"allow":["GET"]}}],"collection":[{"href":"https:\/\/vitrinebrasil.com.br\/cerealista\/wp-json\/wp\/v2\/product"}],"about":[{"href":"https:\/\/vitrinebrasil.com.br\/cerealista\/wp-json\/wp\/v2\/types\/product"}],"replies":[{"embeddable":true,"href":"https:\/\/vitrinebrasil.com.br\/cerealista\/wp-json\/wp\/v2\/comments?post=2741"}],"wp:featuredmedia":[{"embeddable":true,"href":"https:\/\/vitrinebrasil.com.br\/cerealista\/wp-json\/wp\/v2\/media\/2742"}],"wp:attachment":[{"href":"https:\/\/vitrinebrasil.com.br\/cerealista\/wp-json\/wp\/v2\/media?parent=2741"}],"wp:term":[{"taxonomy":"product_cat","embeddable":true,"href":"https:\/\/vitrinebrasil.com.br\/cerealista\/wp-json\/wp\/v2\/product_cat?post=2741"},{"taxonomy":"product_tag","embeddable":true,"href":"https:\/\/vitrinebrasil.com.br\/cerealista\/wp-json\/wp\/v2\/product_tag?post=2741"}],"curies":[{"name":"wp","href":"https:\/\/api.w.org\/{rel}","templated":true}]}}