{"id":2744,"date":"2023-08-02T15:31:42","date_gmt":"2023-08-02T18:31:42","guid":{"rendered":"https:\/\/vitrinebrasil.com.br\/cerealista\/?post_type=product&#038;p=2744"},"modified":"2023-08-02T16:39:32","modified_gmt":"2023-08-02T19:39:32","slug":"banco-completo-trator-massey","status":"publish","type":"product","link":"https:\/\/vitrinebrasil.com.br\/cerealista\/produto\/banco-completo-trator-massey\/","title":{"rendered":"Banco Completo Trator Massey"},"content":{"rendered":"<p>O Banco Completo para Trator Massey 3604063 Grammer \u00e9 um item importante para o conforto do condutor na sua m\u00e1quina. Al\u00e9m de confort\u00e1vel, ele \u00e9 bastante resistente e de alta qualidade, ideal para utilizar no trabalho no campo, pois essas caracter\u00edsticas permitem que o condutor fique sentado por longas horas na mesma posi\u00e7\u00e3o, sem que as dores e o desconforto o atrapalhem.Hoje em dia, um dos grandes problemas acarretados por trabalhar por longas horas sentado s\u00e3o as dores de coluna, pernas e membros inferiores. \u00c9 um problema que aflige milh\u00f5es de brasileiros que reclamam diariamente por dores causadas por ergonomia incorreta. E \u00e9 pensando nisso que esse banco possui rEGulagens de altura, para que a atividade laboral seja feita da melhor forma poss\u00edvel, na altura em que o condutor achar conveniente e, principalmente, com todo o conforto que esse produto oferece.A Grammer \u00e9 uma empresa do segmento automotivo que foi fundada em 1955, que produz e comercializa assentos de motoristas e passageiros para os principais fabricantes de caminh\u00f5es, \u00f4nibus, tratores, m\u00e1quinas de constru\u00e7\u00e3o e empilhadeiras, al\u00e9m de apoios de cabe\u00e7a e apoios de bra\u00e7o para montadoras de ve\u00edculos de passeio. Consulte no campo Aplica\u00e7\u00f5es se a pe\u00e7a \u00e9 compat\u00edvel com sua m\u00e1quina e adquira j\u00e1 o seu.<\/p>\n","protected":false},"excerpt":{"rendered":"<p>O Banco Completo para Trator Massey 3604063 Grammer \u00e9 um item importante para o conforto do condutor na sua m\u00e1quina. Al\u00e9m de confort\u00e1vel, ele \u00e9 bastante resistente e de alta qualidade, ideal para utilizar no trabalho no campo, pois essas caracter\u00edsticas permitem que o condutor fique sentado por longas horas na mesma posi\u00e7\u00e3o, sem que<\/p>\n<div class=\"klb-readmore entry-button\"><a class=\"btn read-more\" href=\"https:\/\/vitrinebrasil.com.br\/cerealista\/produto\/banco-completo-trator-massey\/\">Read More<\/a><\/div>\n","protected":false},"featured_media":2745,"comment_status":"open","ping_status":"closed","template":"","meta":[],"product_cat":[136],"product_tag":[],"class_list":["post-2744","product","type-product","status-publish","has-post-thumbnail","hentry","product_cat-massey-ferguson"],"_links":{"self":[{"href":"https:\/\/vitrinebrasil.com.br\/cerealista\/wp-json\/wp\/v2\/product\/2744","targetHints":{"allow":["GET"]}}],"collection":[{"href":"https:\/\/vitrinebrasil.com.br\/cerealista\/wp-json\/wp\/v2\/product"}],"about":[{"href":"https:\/\/vitrinebrasil.com.br\/cerealista\/wp-json\/wp\/v2\/types\/product"}],"replies":[{"embeddable":true,"href":"https:\/\/vitrinebrasil.com.br\/cerealista\/wp-json\/wp\/v2\/comments?post=2744"}],"wp:featuredmedia":[{"embeddable":true,"href":"https:\/\/vitrinebrasil.com.br\/cerealista\/wp-json\/wp\/v2\/media\/2745"}],"wp:attachment":[{"href":"https:\/\/vitrinebrasil.com.br\/cerealista\/wp-json\/wp\/v2\/media?parent=2744"}],"wp:term":[{"taxonomy":"product_cat","embeddable":true,"href":"https:\/\/vitrinebrasil.com.br\/cerealista\/wp-json\/wp\/v2\/product_cat?post=2744"},{"taxonomy":"product_tag","embeddable":true,"href":"https:\/\/vitrinebrasil.com.br\/cerealista\/wp-json\/wp\/v2\/product_tag?post=2744"}],"curies":[{"name":"wp","href":"https:\/\/api.w.org\/{rel}","templated":true}]}}